{"id":17,"date":"2025-09-15T12:41:59","date_gmt":"2025-09-15T12:41:59","guid":{"rendered":"https:\/\/labandeapapattes.fr\/index.php\/portees-disponibles\/"},"modified":"2026-04-22T20:35:03","modified_gmt":"2026-04-22T20:35:03","slug":"portees-disponibles","status":"publish","type":"page","link":"https:\/\/www.labandeapapattes.fr\/index.php\/portees-disponibles\/","title":{"rendered":"\ud83d\udc36\ud83c\udf7c Port\u00e9es disponibles"},"content":{"rendered":"\n<div class=\"portee-chiots\">\n\n  <h3>Port\u00e9e du 09 mars 2026<\/h3>\n\n  <p class=\"parents\">\n    <strong>Maman :<\/strong> Tenshi &nbsp; | &nbsp;\n    <strong>Papa :<\/strong> Taiyo\n  <\/p>\n\n  <p class=\"nb\">3 m\u00e2les et 4 femelles<\/p>\n\n  <div class=\"grid-chiots\">\n\n    <div class=\"card reserve\">\n      <img decoding=\"async\" data-src=\"https:\/\/www.labandeapapattes.fr\/wp-content\/uploads\/2026\/04\/bari.jpeg\" src=\"data:image\/svg+xml;base64,PHN2ZyB3aWR0aD0iMSIgaGVpZ2h0PSIxIiB4bWxucz0iaHR0cDovL3d3dy53My5vcmcvMjAwMC9zdmciPjwvc3ZnPg==\" class=\"lazyload\" style=\"--smush-placeholder-width: 1542px; --smush-placeholder-aspect-ratio: 1542\/2048;\">\n      <p class=\"nom\">Bari<\/p>\n      <p class=\"sex\">M\u00e2le<\/p>\n      <span class=\"statut red\">R\u00e9serv\u00e9<\/span>\n    <\/div>\n\n    <div class=\"card dispo\">\n      <img decoding=\"async\" data-src=\"https:\/\/www.labandeapapattes.fr\/wp-content\/uploads\/2026\/04\/benevento-1.jpeg\" src=\"data:image\/svg+xml;base64,PHN2ZyB3aWR0aD0iMSIgaGVpZ2h0PSIxIiB4bWxucz0iaHR0cDovL3d3dy53My5vcmcvMjAwMC9zdmciPjwvc3ZnPg==\" class=\"lazyload\" style=\"--smush-placeholder-width: 1536px; --smush-placeholder-aspect-ratio: 1536\/2048;\">\n      <p class=\"nom\">Benevento<\/p>\n      <p class=\"sex\">M\u00e2le<\/p>\n      <span class=\"statut green\">Disponible<\/span>\n    <\/div>\n\n    <div class=\"card dispo\">\n      <img decoding=\"async\" data-src=\"https:\/\/www.labandeapapattes.fr\/wp-content\/uploads\/2026\/04\/bergamo.jpeg\" src=\"data:image\/svg+xml;base64,PHN2ZyB3aWR0aD0iMSIgaGVpZ2h0PSIxIiB4bWxucz0iaHR0cDovL3d3dy53My5vcmcvMjAwMC9zdmciPjwvc3ZnPg==\" class=\"lazyload\" style=\"--smush-placeholder-width: 1542px; --smush-placeholder-aspect-ratio: 1542\/2048;\">\n      <p class=\"nom\">Bergamo<\/p>\n      <p class=\"sex\">M\u00e2le<\/p>\n      <span class=\"statut red\">R\u00e9serv\u00e9<\/span>\n    <\/div>\n\n    <div class=\"card dispo\">\n      <img decoding=\"async\" data-src=\"https:\/\/www.labandeapapattes.fr\/wp-content\/uploads\/2026\/04\/biella-1.jpeg\" src=\"data:image\/svg+xml;base64,PHN2ZyB3aWR0aD0iMSIgaGVpZ2h0PSIxIiB4bWxucz0iaHR0cDovL3d3dy53My5vcmcvMjAwMC9zdmciPjwvc3ZnPg==\" class=\"lazyload\" style=\"--smush-placeholder-width: 1536px; --smush-placeholder-aspect-ratio: 1536\/2048;\">\n      <p class=\"nom\">Biella<\/p>\n      <p class=\"sex\">Femelle<\/p>\n      <span class=\"statut green\">Disponible<\/span>\n    <\/div>\n\n    <div class=\"card reserve\">\n      <img decoding=\"async\" data-src=\"https:\/\/www.labandeapapattes.fr\/wp-content\/uploads\/2026\/04\/bologna.jpeg\" src=\"data:image\/svg+xml;base64,PHN2ZyB3aWR0aD0iMSIgaGVpZ2h0PSIxIiB4bWxucz0iaHR0cDovL3d3dy53My5vcmcvMjAwMC9zdmciPjwvc3ZnPg==\" class=\"lazyload\" style=\"--smush-placeholder-width: 1542px; --smush-placeholder-aspect-ratio: 1542\/2048;\">\n      <p class=\"nom\">Bologna<\/p>\n      <p class=\"sex\">Femelle<\/p>\n      <span class=\"statut red\">R\u00e9serv\u00e9<\/span>\n    <\/div>\n\n    <div class=\"card dispo\">\n      <img decoding=\"async\" data-src=\"https:\/\/www.labandeapapattes.fr\/wp-content\/uploads\/2026\/04\/brescia-1.jpeg\" src=\"data:image\/svg+xml;base64,PHN2ZyB3aWR0aD0iMSIgaGVpZ2h0PSIxIiB4bWxucz0iaHR0cDovL3d3dy53My5vcmcvMjAwMC9zdmciPjwvc3ZnPg==\" class=\"lazyload\" style=\"--smush-placeholder-width: 1536px; --smush-placeholder-aspect-ratio: 1536\/2048;\">\n      <p class=\"nom\">Brescia<\/p>\n      <p class=\"sex\">Femelle<\/p>\n      <span class=\"statut green\">Disponible<\/span>\n    <\/div>\n\n    <div class=\"card dispo\">\n      <img decoding=\"async\" data-src=\"https:\/\/www.labandeapapattes.fr\/wp-content\/uploads\/2026\/04\/Brindisi-1.jpeg\" src=\"data:image\/svg+xml;base64,PHN2ZyB3aWR0aD0iMSIgaGVpZ2h0PSIxIiB4bWxucz0iaHR0cDovL3d3dy53My5vcmcvMjAwMC9zdmciPjwvc3ZnPg==\" class=\"lazyload\" style=\"--smush-placeholder-width: 1536px; --smush-placeholder-aspect-ratio: 1536\/2048;\">\n      <p class=\"nom\">Brindisi<\/p>\n      <p class=\"sex\">Femelle<\/p>\n      <span class=\"statut green\">Disponible<\/span>\n    <\/div>\n\n  <\/div>\n\n<\/div>\n<div class=\"portee-chiots\">\n\n  <h3>Port\u00e9e du 18 mars 2026<\/h3>\n\n  <p class=\"parents\">\n    <strong>Maman :<\/strong> Takara &nbsp; | &nbsp;\n    <strong>Papa :<\/strong> Taiyo\n  <\/p>\n\n  <p class=\"nb\">3 m\u00e2les et 5 femelles<\/p>\n\n  <div class=\"grid-chiots\">\n\n    <!-- M\u00c2LES -->\n\n    <div class=\"card dispo\">\n      <img decoding=\"async\" data-src=\"https:\/\/www.labandeapapattes.fr\/wp-content\/uploads\/2026\/04\/WhatsApp-Image-2026-04-22-at-22.23.1b0.jpeg\" src=\"data:image\/svg+xml;base64,PHN2ZyB3aWR0aD0iMSIgaGVpZ2h0PSIxIiB4bWxucz0iaHR0cDovL3d3dy53My5vcmcvMjAwMC9zdmciPjwvc3ZnPg==\" class=\"lazyload\" style=\"--smush-placeholder-width: 1536px; --smush-placeholder-aspect-ratio: 1536\/2048;\">\n      <p class=\"nom\">Babadag<\/p>\n      <p class=\"sex\">M\u00e2le<\/p>\n      <span class=\"statut green\">Disponible<\/span>\n    <\/div>\n\n    <div class=\"card dispo\">\n      <img decoding=\"async\" data-src=\"https:\/\/www.labandeapapattes.fr\/wp-content\/uploads\/2026\/04\/WhatsApp-Image-2026-04-22-at-22.23.10.jpeg\" src=\"data:image\/svg+xml;base64,PHN2ZyB3aWR0aD0iMSIgaGVpZ2h0PSIxIiB4bWxucz0iaHR0cDovL3d3dy53My5vcmcvMjAwMC9zdmciPjwvc3ZnPg==\" class=\"lazyload\" style=\"--smush-placeholder-width: 1536px; --smush-placeholder-aspect-ratio: 1536\/2048;\">\n      <p class=\"nom\">Balan<\/p>\n      <p class=\"sex\">M\u00e2le<\/p>\n      <span class=\"statut green\">Disponible<\/span>\n    <\/div>\n\n    <div class=\"card dispo\">\n      <img decoding=\"async\" data-src=\"https:\/\/www.labandeapapattes.fr\/wp-content\/uploads\/2026\/04\/WhatsApp-Image-2026-04-22c-at-2v2.23.11.jpeg\" src=\"data:image\/svg+xml;base64,PHN2ZyB3aWR0aD0iMSIgaGVpZ2h0PSIxIiB4bWxucz0iaHR0cDovL3d3dy53My5vcmcvMjAwMC9zdmciPjwvc3ZnPg==\" class=\"lazyload\" style=\"--smush-placeholder-width: 2004px; --smush-placeholder-aspect-ratio: 2004\/1780;\">\n      <p class=\"nom\">Brasov<\/p>\n      <p class=\"sex\">M\u00e2le<\/p>\n      <span class=\"statut green\">Disponible<\/span>\n    <\/div>\n\n    <!-- FEMELLES -->\n\n    <div class=\"card dispo\">\n      <img decoding=\"async\" data-src=\"https:\/\/www.labandeapapattes.fr\/wp-content\/uploads\/2026\/04\/WhatsApp-Image-2026-04-2b2-at-22.23.10.jpeg\" src=\"data:image\/svg+xml;base64,PHN2ZyB3aWR0aD0iMSIgaGVpZ2h0PSIxIiB4bWxucz0iaHR0cDovL3d3dy53My5vcmcvMjAwMC9zdmciPjwvc3ZnPg==\" class=\"lazyload\" style=\"--smush-placeholder-width: 1899px; --smush-placeholder-aspect-ratio: 1899\/1878;\">\n      <p class=\"nom\">Buhusi<\/p>\n      <p class=\"sex\">Femelle<\/p>\n      <span class=\"statut red\">R\u00e9serv\u00e9<\/span>\n    <\/div>\n\n    <div class=\"card dispo\">\n      <img decoding=\"async\" data-src=\"https:\/\/www.labandeapapattes.fr\/wp-content\/uploads\/2026\/04\/WhatsApp-Image-2026-04-22-at-2cv2.23.11.jpeg\" src=\"data:image\/svg+xml;base64,PHN2ZyB3aWR0aD0iMSIgaGVpZ2h0PSIxIiB4bWxucz0iaHR0cDovL3d3dy53My5vcmcvMjAwMC9zdmciPjwvc3ZnPg==\" class=\"lazyload\" style=\"--smush-placeholder-width: 1968px; --smush-placeholder-aspect-ratio: 1968\/1812;\">\n      <p class=\"nom\">Borsa<\/p>\n      <p class=\"sex\">Femelle<\/p>\n      <span class=\"statut green\">Disponible<\/span>\n    <\/div>\n\n    <div class=\"card dispo\">\n      <img decoding=\"async\" data-src=\"https:\/\/www.labandeapapattes.fr\/wp-content\/uploads\/2026\/04\/WhatsApp-Image-2026-04-22-at-2v2.23.11.jpeg\" src=\"data:image\/svg+xml;base64,PHN2ZyB3aWR0aD0iMSIgaGVpZ2h0PSIxIiB4bWxucz0iaHR0cDovL3d3dy53My5vcmcvMjAwMC9zdmciPjwvc3ZnPg==\" class=\"lazyload\" style=\"--smush-placeholder-width: 1384px; --smush-placeholder-aspect-ratio: 1384\/1706;\">\n      <p class=\"nom\">Bocsa<\/p>\n      <p class=\"sex\">Femelle<\/p>\n      <span class=\"statut green\">Disponible<\/span>\n    <\/div>\n\n    <div class=\"card dispo\">\n      <img decoding=\"async\" data-src=\"https:\/\/www.labandeapapattes.fr\/wp-content\/uploads\/2026\/04\/WhatsApp-Image-2026-04-22-at-22.23b.11.jpeg\" src=\"data:image\/svg+xml;base64,PHN2ZyB3aWR0aD0iMSIgaGVpZ2h0PSIxIiB4bWxucz0iaHR0cDovL3d3dy53My5vcmcvMjAwMC9zdmciPjwvc3ZnPg==\" class=\"lazyload\" style=\"--smush-placeholder-width: 1536px; --smush-placeholder-aspect-ratio: 1536\/2048;\">\n      <p class=\"nom\">Bicaz<\/p>\n      <p class=\"sex\">Femelle<\/p>\n      <span class=\"statut green\">Disponible<\/span>\n    <\/div>\n\n    <div class=\"card dispo\">\n      <img decoding=\"async\" data-src=\"https:\/\/www.labandeapapattes.fr\/wp-content\/uploads\/2026\/04\/WhatsApp-Image-2026-04-22-at-22.2b3.10.jpeg\" src=\"data:image\/svg+xml;base64,PHN2ZyB3aWR0aD0iMSIgaGVpZ2h0PSIxIiB4bWxucz0iaHR0cDovL3d3dy53My5vcmcvMjAwMC9zdmciPjwvc3ZnPg==\" class=\"lazyload\" style=\"--smush-placeholder-width: 1664px; --smush-placeholder-aspect-ratio: 1664\/2048;\">\n      <p class=\"nom\">Beius<\/p>\n      <p class=\"sex\">Femelle<\/p>\n      <span class=\"statut red\">R\u00e9serv\u00e9<\/span>\n    <\/div>\n\n  <\/div>\n\n<\/div>\n  <\/div>\n\n<\/div>\n","protected":false},"excerpt":{"rendered":"<p>Port\u00e9e du 09 mars 2026 Maman : Tenshi &nbsp; | &nbsp; Papa : Taiyo 3 m\u00e2les et 4 femelles Bari M\u00e2le R\u00e9serv\u00e9 Benevento M\u00e2le Disponible Bergamo M\u00e2le R\u00e9serv\u00e9 Biella Femelle Disponible Bologna Femelle R\u00e9serv\u00e9 Brescia Femelle Disponible Brindisi Femelle Disponible Port\u00e9e du 18 mars 2026 Maman : Takara &nbsp; | &nbsp; Papa : Taiyo 3 [&hellip;]<\/p>\n","protected":false},"author":1,"featured_media":0,"parent":0,"menu_order":0,"comment_status":"closed","ping_status":"closed","template":"","meta":{"footnotes":""},"class_list":["post-17","page","type-page","status-publish","hentry"],"yoast_head":"<!-- This site is optimized with the Yoast SEO plugin v27.4 - https:\/\/yoast.com\/product\/yoast-seo-wordpress\/ -->\n<title>Chiots Border Collie disponibles \u2013 La Bande \u00e0 Papattes<\/title>\n<meta name=\"description\" content=\"D\u00e9couvrez nos port\u00e9es de Border Collie disponibles \u00e0 Chezal Benoit (18160, Cher). Photos, infos et chiots pr\u00eats \u00e0 rejoindre leur famille.\" \/>\n<meta name=\"robots\" content=\"index, follow, max-snippet:-1, max-image-preview:large, max-video-preview:-1\" \/>\n<link rel=\"canonical\" href=\"https:\/\/www.labandeapapattes.fr\/index.php\/portees-disponibles\/\" \/>\n<meta property=\"og:locale\" content=\"fr_FR\" \/>\n<meta property=\"og:type\" content=\"article\" \/>\n<meta property=\"og:title\" content=\"Chiots Border Collie disponibles \u2013 La Bande \u00e0 Papattes\" \/>\n<meta property=\"og:description\" content=\"D\u00e9couvrez nos port\u00e9es de Border Collie disponibles \u00e0 Chezal Benoit (18160, Cher). Photos, infos et chiots pr\u00eats \u00e0 rejoindre leur famille.\" \/>\n<meta property=\"og:url\" content=\"https:\/\/www.labandeapapattes.fr\/index.php\/portees-disponibles\/\" \/>\n<meta property=\"og:site_name\" content=\"La Bande A Papattes\" \/>\n<meta property=\"article:publisher\" content=\"https:\/\/www.facebook.com\/profile.php?id=61552778915373\" \/>\n<meta property=\"article:modified_time\" content=\"2026-04-22T20:35:03+00:00\" \/>\n<meta property=\"og:image\" content=\"https:\/\/www.labandeapapattes.fr\/wp-content\/uploads\/2026\/04\/bari.jpeg\" \/>\n<meta name=\"twitter:card\" content=\"summary_large_image\" \/>\n<meta name=\"twitter:label1\" content=\"Dur\u00e9e de lecture estim\u00e9e\" \/>\n\t<meta name=\"twitter:data1\" content=\"4 minutes\" \/>\n<script type=\"application\/ld+json\" class=\"yoast-schema-graph\">{\"@context\":\"https:\\\/\\\/schema.org\",\"@graph\":[{\"@type\":\"WebPage\",\"@id\":\"https:\\\/\\\/www.labandeapapattes.fr\\\/index.php\\\/portees-disponibles\\\/\",\"url\":\"https:\\\/\\\/www.labandeapapattes.fr\\\/index.php\\\/portees-disponibles\\\/\",\"name\":\"Chiots Border Collie disponibles \u2013 La Bande \u00e0 Papattes\",\"isPartOf\":{\"@id\":\"https:\\\/\\\/www.labandeapapattes.fr\\\/#website\"},\"primaryImageOfPage\":{\"@id\":\"https:\\\/\\\/www.labandeapapattes.fr\\\/index.php\\\/portees-disponibles\\\/#primaryimage\"},\"image\":{\"@id\":\"https:\\\/\\\/www.labandeapapattes.fr\\\/index.php\\\/portees-disponibles\\\/#primaryimage\"},\"thumbnailUrl\":\"https:\\\/\\\/www.labandeapapattes.fr\\\/wp-content\\\/uploads\\\/2026\\\/04\\\/bari.jpeg\",\"datePublished\":\"2025-09-15T12:41:59+00:00\",\"dateModified\":\"2026-04-22T20:35:03+00:00\",\"description\":\"D\u00e9couvrez nos port\u00e9es de Border Collie disponibles \u00e0 Chezal Benoit (18160, Cher). Photos, infos et chiots pr\u00eats \u00e0 rejoindre leur famille.\",\"breadcrumb\":{\"@id\":\"https:\\\/\\\/www.labandeapapattes.fr\\\/index.php\\\/portees-disponibles\\\/#breadcrumb\"},\"inLanguage\":\"fr-FR\",\"potentialAction\":[{\"@type\":\"ReadAction\",\"target\":[\"https:\\\/\\\/www.labandeapapattes.fr\\\/index.php\\\/portees-disponibles\\\/\"]}]},{\"@type\":\"ImageObject\",\"inLanguage\":\"fr-FR\",\"@id\":\"https:\\\/\\\/www.labandeapapattes.fr\\\/index.php\\\/portees-disponibles\\\/#primaryimage\",\"url\":\"https:\\\/\\\/www.labandeapapattes.fr\\\/wp-content\\\/uploads\\\/2026\\\/04\\\/bari.jpeg\",\"contentUrl\":\"https:\\\/\\\/www.labandeapapattes.fr\\\/wp-content\\\/uploads\\\/2026\\\/04\\\/bari.jpeg\"},{\"@type\":\"BreadcrumbList\",\"@id\":\"https:\\\/\\\/www.labandeapapattes.fr\\\/index.php\\\/portees-disponibles\\\/#breadcrumb\",\"itemListElement\":[{\"@type\":\"ListItem\",\"position\":1,\"name\":\"Accueil\",\"item\":\"https:\\\/\\\/www.labandeapapattes.fr\\\/\"},{\"@type\":\"ListItem\",\"position\":2,\"name\":\"\ud83d\udc36\ud83c\udf7c Port\u00e9es disponibles\"}]},{\"@type\":\"WebSite\",\"@id\":\"https:\\\/\\\/www.labandeapapattes.fr\\\/#website\",\"url\":\"https:\\\/\\\/www.labandeapapattes.fr\\\/\",\"name\":\"La Bande A Papattes\",\"description\":\"\",\"publisher\":{\"@id\":\"https:\\\/\\\/www.labandeapapattes.fr\\\/#organization\"},\"potentialAction\":[{\"@type\":\"SearchAction\",\"target\":{\"@type\":\"EntryPoint\",\"urlTemplate\":\"https:\\\/\\\/www.labandeapapattes.fr\\\/?s={search_term_string}\"},\"query-input\":{\"@type\":\"PropertyValueSpecification\",\"valueRequired\":true,\"valueName\":\"search_term_string\"}}],\"inLanguage\":\"fr-FR\"},{\"@type\":\"Organization\",\"@id\":\"https:\\\/\\\/www.labandeapapattes.fr\\\/#organization\",\"name\":\"La Bande A Papattes\",\"url\":\"https:\\\/\\\/www.labandeapapattes.fr\\\/\",\"logo\":{\"@type\":\"ImageObject\",\"inLanguage\":\"fr-FR\",\"@id\":\"https:\\\/\\\/www.labandeapapattes.fr\\\/#\\\/schema\\\/logo\\\/image\\\/\",\"url\":\"https:\\\/\\\/www.labandeapapattes.fr\\\/wp-content\\\/uploads\\\/2025\\\/09\\\/cropped-android-chrome-512x512-2.png\",\"contentUrl\":\"https:\\\/\\\/www.labandeapapattes.fr\\\/wp-content\\\/uploads\\\/2025\\\/09\\\/cropped-android-chrome-512x512-2.png\",\"width\":50,\"height\":50,\"caption\":\"La Bande A Papattes\"},\"image\":{\"@id\":\"https:\\\/\\\/www.labandeapapattes.fr\\\/#\\\/schema\\\/logo\\\/image\\\/\"},\"sameAs\":[\"https:\\\/\\\/www.facebook.com\\\/profile.php?id=61552778915373\",\"https:\\\/\\\/www.tiktok.com\\\/@la.bande.a.papatt\",\"https:\\\/\\\/www.instagram.com\\\/la_bande_a_papattes\\\/\"]}]}<\/script>\n<!-- \/ Yoast SEO plugin. -->","yoast_head_json":{"title":"Chiots Border Collie disponibles \u2013 La Bande \u00e0 Papattes","description":"D\u00e9couvrez nos port\u00e9es de Border Collie disponibles \u00e0 Chezal Benoit (18160, Cher). Photos, infos et chiots pr\u00eats \u00e0 rejoindre leur famille.","robots":{"index":"index","follow":"follow","max-snippet":"max-snippet:-1","max-image-preview":"max-image-preview:large","max-video-preview":"max-video-preview:-1"},"canonical":"https:\/\/www.labandeapapattes.fr\/index.php\/portees-disponibles\/","og_locale":"fr_FR","og_type":"article","og_title":"Chiots Border Collie disponibles \u2013 La Bande \u00e0 Papattes","og_description":"D\u00e9couvrez nos port\u00e9es de Border Collie disponibles \u00e0 Chezal Benoit (18160, Cher). Photos, infos et chiots pr\u00eats \u00e0 rejoindre leur famille.","og_url":"https:\/\/www.labandeapapattes.fr\/index.php\/portees-disponibles\/","og_site_name":"La Bande A Papattes","article_publisher":"https:\/\/www.facebook.com\/profile.php?id=61552778915373","article_modified_time":"2026-04-22T20:35:03+00:00","og_image":[{"url":"https:\/\/www.labandeapapattes.fr\/wp-content\/uploads\/2026\/04\/bari.jpeg","type":"","width":"","height":""}],"twitter_card":"summary_large_image","twitter_misc":{"Dur\u00e9e de lecture estim\u00e9e":"4 minutes"},"schema":{"@context":"https:\/\/schema.org","@graph":[{"@type":"WebPage","@id":"https:\/\/www.labandeapapattes.fr\/index.php\/portees-disponibles\/","url":"https:\/\/www.labandeapapattes.fr\/index.php\/portees-disponibles\/","name":"Chiots Border Collie disponibles \u2013 La Bande \u00e0 Papattes","isPartOf":{"@id":"https:\/\/www.labandeapapattes.fr\/#website"},"primaryImageOfPage":{"@id":"https:\/\/www.labandeapapattes.fr\/index.php\/portees-disponibles\/#primaryimage"},"image":{"@id":"https:\/\/www.labandeapapattes.fr\/index.php\/portees-disponibles\/#primaryimage"},"thumbnailUrl":"https:\/\/www.labandeapapattes.fr\/wp-content\/uploads\/2026\/04\/bari.jpeg","datePublished":"2025-09-15T12:41:59+00:00","dateModified":"2026-04-22T20:35:03+00:00","description":"D\u00e9couvrez nos port\u00e9es de Border Collie disponibles \u00e0 Chezal Benoit (18160, Cher). Photos, infos et chiots pr\u00eats \u00e0 rejoindre leur famille.","breadcrumb":{"@id":"https:\/\/www.labandeapapattes.fr\/index.php\/portees-disponibles\/#breadcrumb"},"inLanguage":"fr-FR","potentialAction":[{"@type":"ReadAction","target":["https:\/\/www.labandeapapattes.fr\/index.php\/portees-disponibles\/"]}]},{"@type":"ImageObject","inLanguage":"fr-FR","@id":"https:\/\/www.labandeapapattes.fr\/index.php\/portees-disponibles\/#primaryimage","url":"https:\/\/www.labandeapapattes.fr\/wp-content\/uploads\/2026\/04\/bari.jpeg","contentUrl":"https:\/\/www.labandeapapattes.fr\/wp-content\/uploads\/2026\/04\/bari.jpeg"},{"@type":"BreadcrumbList","@id":"https:\/\/www.labandeapapattes.fr\/index.php\/portees-disponibles\/#breadcrumb","itemListElement":[{"@type":"ListItem","position":1,"name":"Accueil","item":"https:\/\/www.labandeapapattes.fr\/"},{"@type":"ListItem","position":2,"name":"\ud83d\udc36\ud83c\udf7c Port\u00e9es disponibles"}]},{"@type":"WebSite","@id":"https:\/\/www.labandeapapattes.fr\/#website","url":"https:\/\/www.labandeapapattes.fr\/","name":"La Bande A Papattes","description":"","publisher":{"@id":"https:\/\/www.labandeapapattes.fr\/#organization"},"potentialAction":[{"@type":"SearchAction","target":{"@type":"EntryPoint","urlTemplate":"https:\/\/www.labandeapapattes.fr\/?s={search_term_string}"},"query-input":{"@type":"PropertyValueSpecification","valueRequired":true,"valueName":"search_term_string"}}],"inLanguage":"fr-FR"},{"@type":"Organization","@id":"https:\/\/www.labandeapapattes.fr\/#organization","name":"La Bande A Papattes","url":"https:\/\/www.labandeapapattes.fr\/","logo":{"@type":"ImageObject","inLanguage":"fr-FR","@id":"https:\/\/www.labandeapapattes.fr\/#\/schema\/logo\/image\/","url":"https:\/\/www.labandeapapattes.fr\/wp-content\/uploads\/2025\/09\/cropped-android-chrome-512x512-2.png","contentUrl":"https:\/\/www.labandeapapattes.fr\/wp-content\/uploads\/2025\/09\/cropped-android-chrome-512x512-2.png","width":50,"height":50,"caption":"La Bande A Papattes"},"image":{"@id":"https:\/\/www.labandeapapattes.fr\/#\/schema\/logo\/image\/"},"sameAs":["https:\/\/www.facebook.com\/profile.php?id=61552778915373","https:\/\/www.tiktok.com\/@la.bande.a.papatt","https:\/\/www.instagram.com\/la_bande_a_papattes\/"]}]}},"_links":{"self":[{"href":"https:\/\/www.labandeapapattes.fr\/index.php\/wp-json\/wp\/v2\/pages\/17","targetHints":{"allow":["GET"]}}],"collection":[{"href":"https:\/\/www.labandeapapattes.fr\/index.php\/wp-json\/wp\/v2\/pages"}],"about":[{"href":"https:\/\/www.labandeapapattes.fr\/index.php\/wp-json\/wp\/v2\/types\/page"}],"author":[{"embeddable":true,"href":"https:\/\/www.labandeapapattes.fr\/index.php\/wp-json\/wp\/v2\/users\/1"}],"replies":[{"embeddable":true,"href":"https:\/\/www.labandeapapattes.fr\/index.php\/wp-json\/wp\/v2\/comments?post=17"}],"version-history":[{"count":41,"href":"https:\/\/www.labandeapapattes.fr\/index.php\/wp-json\/wp\/v2\/pages\/17\/revisions"}],"predecessor-version":[{"id":1692,"href":"https:\/\/www.labandeapapattes.fr\/index.php\/wp-json\/wp\/v2\/pages\/17\/revisions\/1692"}],"wp:attachment":[{"href":"https:\/\/www.labandeapapattes.fr\/index.php\/wp-json\/wp\/v2\/media?parent=17"}],"curies":[{"name":"wp","href":"https:\/\/api.w.org\/{rel}","templated":true}]}}