{"id":136,"date":"2025-09-15T17:49:13","date_gmt":"2025-09-15T17:49:13","guid":{"rendered":"https:\/\/labandeapapattes.fr\/index.php\/contact-2\/"},"modified":"2026-01-28T21:59:32","modified_gmt":"2026-01-28T21:59:32","slug":"contact-2","status":"publish","type":"page","link":"https:\/\/www.labandeapapattes.fr\/index.php\/contact-2\/","title":{"rendered":"Contact"},"content":{"rendered":"\n\n<div class=\"wp-block-columns is-layout-flex wp-container-core-columns-is-layout-9d6595d7 wp-block-columns-is-layout-flex\">\n\n  <!-- Colonne de gauche -->\n  <div class=\"wp-block-column\">\n    <h2>\ud83d\udce9 Contactez-nous<\/h2>\n    <p>Une question, une visite ou simplement l\u2019envie d\u2019\u00e9changer ?<br>\n    Nous sommes toujours ravis de partager notre passion pour les Border Collies \ud83d\udc99<\/p>\n\n    <ul>\n      <li>\ud83d\udce7 <a href=\"mailto:labandeapapattes@outlook.fr\">labandeapapattes@outlook.fr<\/a><\/li>\n      <li>\ud83d\udcde Fixe : <a href=\"tel:0259164169\">02 59 16 41 69<\/a><\/li>\n      <li>\ud83d\udcf1 Portable : <a href=\"tel:0781803322\">07 81 80 33 22<\/a><\/li>\n      <li>\ud83d\udccd Adresse : 2 La Cure, Chezal-Beno\u00eet (18160), Cher<\/li>\n    <\/ul>\n  <\/div>\n\n  <!-- Colonne de droite -->\n  <div class=\"wp-block-column\">\n    <h2>\ud83d\udc3e Retrouvez-nous aussi<\/h2>\n    <p>Suivez nos actualit\u00e9s et la vie de nos chiots :<\/p>\n\n    <!-- Boutons r\u00e9seaux sociaux -->\n    <p>\n      <a class=\"wp-block-button__link wp-element-button\" href=\"https:\/\/www.facebook.com\/profile.php?id=61552778915373\" target=\"_blank\">\ud83c\udf10 Facebook<\/a>\n    <\/p>\n    <p>\n      <a class=\"wp-block-button__link wp-element-button\" href=\"https:\/\/www.instagram.com\/la_bande_a_papattes\/\" target=\"_blank\">\ud83d\udcf8 Instagram<\/a>\n    <\/p>\n    <p>\n      <a class=\"wp-block-button__link wp-element-button\" href=\"https:\/\/www.tiktok.com\/@la.bande.a.papatt\" target=\"_blank\">\ud83c\udfa5 TikTok<\/a>\n    <\/p>\n    <p>\n      <a class=\"wp-block-button__link wp-element-button\" href=\"https:\/\/www.meetmynewpet.com\/amadei-jeremy-andre\/28a00962-bc30-43b4-9565-e77142a0cc58\/home?fbclid=IwY2xjawM0nsxleHRuA2FlbQIxMABicmlkETBYT2VoMkM0R3Rwc1NSVHlwAR5EI25-hzA2WJZ4qzPSZRiDCcjLCH-q25LeyySImtion-RCSgOm7I1unyNHHw_aem_hdAg-bDXVRX-SgXEYljzLA\" target=\"_blank\">\ud83d\udc36 Meet My New Pet<\/a>\n    <\/p>\n  <\/div>\n\n<\/div>\n\n\n<!-- Bloc Google Maps -->\n<div style=\"margin-top:30px;\">\n  <h2>\ud83d\udccd Nous trouver<\/h2>\n  <iframe data-src=\"https:\/\/www.google.com\/maps\/embed?pb=!1m18!1m12!1m3!1d2722.721278191955!2d2.2685!3d46.7389!2m3!1f0!2f0!3f0!3m2!1i1024!2i768!4f13.1!3m3!1m2!1s0x47f9496f9b42a4e9%3A0x89abcd1234567890!2s2%20La%20Cure%2C%2018160%20Chezal-Beno%C3%AEt!5e0!3m2!1sfr!2sfr!4v1694801234567!5m2!1sfr!2sfr\"\n    width=\"100%\" height=\"350\" style=\"border:0; border-radius:12px;\" allowfullscreen=\"\" src=\"data:image\/svg+xml;base64,PHN2ZyB3aWR0aD0iMSIgaGVpZ2h0PSIxIiB4bWxucz0iaHR0cDovL3d3dy53My5vcmcvMjAwMC9zdmciPjwvc3ZnPg==\" class=\"lazyload\" data-load-mode=\"1\"><\/iframe>\n<\/div>\n\n","protected":false},"excerpt":{"rendered":"","protected":false},"author":1,"featured_media":0,"parent":0,"menu_order":0,"comment_status":"closed","ping_status":"closed","template":"","meta":{"footnotes":""},"class_list":["post-136","page","type-page","status-publish","hentry"],"yoast_head":"<!-- This site is optimized with the Yoast SEO plugin v27.4 - https:\/\/yoast.com\/product\/yoast-seo-wordpress\/ -->\n<title>Contact \u2013 \u00c9levage Border Collie La Bande \u00e0 Papattes<\/title>\n<meta name=\"description\" content=\"Contactez La Bande \u00e0 Papattes, \u00e9levage familial de Border Collies \u00e0 Chezal Benoit (Cher 18160), pour adopter un chiot ou poser vos questions.\" \/>\n<meta name=\"robots\" content=\"index, follow, max-snippet:-1, max-image-preview:large, max-video-preview:-1\" \/>\n<link rel=\"canonical\" href=\"https:\/\/www.labandeapapattes.fr\/index.php\/contact-2\/\" \/>\n<meta property=\"og:locale\" content=\"fr_FR\" \/>\n<meta property=\"og:type\" content=\"article\" \/>\n<meta property=\"og:title\" content=\"Contact \u2013 \u00c9levage Border Collie La Bande \u00e0 Papattes\" \/>\n<meta property=\"og:description\" content=\"Contactez La Bande \u00e0 Papattes, \u00e9levage familial de Border Collies \u00e0 Chezal Benoit (Cher 18160), pour adopter un chiot ou poser vos questions.\" \/>\n<meta property=\"og:url\" content=\"https:\/\/www.labandeapapattes.fr\/index.php\/contact-2\/\" \/>\n<meta property=\"og:site_name\" content=\"La Bande A Papattes\" \/>\n<meta property=\"article:publisher\" content=\"https:\/\/www.facebook.com\/profile.php?id=61552778915373\" \/>\n<meta property=\"article:modified_time\" content=\"2026-01-28T21:59:32+00:00\" \/>\n<meta name=\"twitter:card\" content=\"summary_large_image\" \/>\n<meta name=\"twitter:label1\" content=\"Dur\u00e9e de lecture estim\u00e9e\" \/>\n\t<meta name=\"twitter:data1\" content=\"1 minute\" \/>\n<script type=\"application\/ld+json\" class=\"yoast-schema-graph\">{\"@context\":\"https:\\\/\\\/schema.org\",\"@graph\":[{\"@type\":\"WebPage\",\"@id\":\"https:\\\/\\\/www.labandeapapattes.fr\\\/index.php\\\/contact-2\\\/\",\"url\":\"https:\\\/\\\/www.labandeapapattes.fr\\\/index.php\\\/contact-2\\\/\",\"name\":\"Contact \u2013 \u00c9levage Border Collie La Bande \u00e0 Papattes\",\"isPartOf\":{\"@id\":\"https:\\\/\\\/www.labandeapapattes.fr\\\/#website\"},\"datePublished\":\"2025-09-15T17:49:13+00:00\",\"dateModified\":\"2026-01-28T21:59:32+00:00\",\"description\":\"Contactez La Bande \u00e0 Papattes, \u00e9levage familial de Border Collies \u00e0 Chezal Benoit (Cher 18160), pour adopter un chiot ou poser vos questions.\",\"breadcrumb\":{\"@id\":\"https:\\\/\\\/www.labandeapapattes.fr\\\/index.php\\\/contact-2\\\/#breadcrumb\"},\"inLanguage\":\"fr-FR\",\"potentialAction\":[{\"@type\":\"ReadAction\",\"target\":[\"https:\\\/\\\/www.labandeapapattes.fr\\\/index.php\\\/contact-2\\\/\"]}]},{\"@type\":\"BreadcrumbList\",\"@id\":\"https:\\\/\\\/www.labandeapapattes.fr\\\/index.php\\\/contact-2\\\/#breadcrumb\",\"itemListElement\":[{\"@type\":\"ListItem\",\"position\":1,\"name\":\"Accueil\",\"item\":\"https:\\\/\\\/www.labandeapapattes.fr\\\/\"},{\"@type\":\"ListItem\",\"position\":2,\"name\":\"Contact\"}]},{\"@type\":\"WebSite\",\"@id\":\"https:\\\/\\\/www.labandeapapattes.fr\\\/#website\",\"url\":\"https:\\\/\\\/www.labandeapapattes.fr\\\/\",\"name\":\"La Bande A Papattes\",\"description\":\"\",\"publisher\":{\"@id\":\"https:\\\/\\\/www.labandeapapattes.fr\\\/#organization\"},\"potentialAction\":[{\"@type\":\"SearchAction\",\"target\":{\"@type\":\"EntryPoint\",\"urlTemplate\":\"https:\\\/\\\/www.labandeapapattes.fr\\\/?s={search_term_string}\"},\"query-input\":{\"@type\":\"PropertyValueSpecification\",\"valueRequired\":true,\"valueName\":\"search_term_string\"}}],\"inLanguage\":\"fr-FR\"},{\"@type\":\"Organization\",\"@id\":\"https:\\\/\\\/www.labandeapapattes.fr\\\/#organization\",\"name\":\"La Bande A Papattes\",\"url\":\"https:\\\/\\\/www.labandeapapattes.fr\\\/\",\"logo\":{\"@type\":\"ImageObject\",\"inLanguage\":\"fr-FR\",\"@id\":\"https:\\\/\\\/www.labandeapapattes.fr\\\/#\\\/schema\\\/logo\\\/image\\\/\",\"url\":\"https:\\\/\\\/www.labandeapapattes.fr\\\/wp-content\\\/uploads\\\/2025\\\/09\\\/cropped-android-chrome-512x512-2.png\",\"contentUrl\":\"https:\\\/\\\/www.labandeapapattes.fr\\\/wp-content\\\/uploads\\\/2025\\\/09\\\/cropped-android-chrome-512x512-2.png\",\"width\":50,\"height\":50,\"caption\":\"La Bande A Papattes\"},\"image\":{\"@id\":\"https:\\\/\\\/www.labandeapapattes.fr\\\/#\\\/schema\\\/logo\\\/image\\\/\"},\"sameAs\":[\"https:\\\/\\\/www.facebook.com\\\/profile.php?id=61552778915373\",\"https:\\\/\\\/www.tiktok.com\\\/@la.bande.a.papatt\",\"https:\\\/\\\/www.instagram.com\\\/la_bande_a_papattes\\\/\"]}]}<\/script>\n<!-- \/ Yoast SEO plugin. -->","yoast_head_json":{"title":"Contact \u2013 \u00c9levage Border Collie La Bande \u00e0 Papattes","description":"Contactez La Bande \u00e0 Papattes, \u00e9levage familial de Border Collies \u00e0 Chezal Benoit (Cher 18160), pour adopter un chiot ou poser vos questions.","robots":{"index":"index","follow":"follow","max-snippet":"max-snippet:-1","max-image-preview":"max-image-preview:large","max-video-preview":"max-video-preview:-1"},"canonical":"https:\/\/www.labandeapapattes.fr\/index.php\/contact-2\/","og_locale":"fr_FR","og_type":"article","og_title":"Contact \u2013 \u00c9levage Border Collie La Bande \u00e0 Papattes","og_description":"Contactez La Bande \u00e0 Papattes, \u00e9levage familial de Border Collies \u00e0 Chezal Benoit (Cher 18160), pour adopter un chiot ou poser vos questions.","og_url":"https:\/\/www.labandeapapattes.fr\/index.php\/contact-2\/","og_site_name":"La Bande A Papattes","article_publisher":"https:\/\/www.facebook.com\/profile.php?id=61552778915373","article_modified_time":"2026-01-28T21:59:32+00:00","twitter_card":"summary_large_image","twitter_misc":{"Dur\u00e9e de lecture estim\u00e9e":"1 minute"},"schema":{"@context":"https:\/\/schema.org","@graph":[{"@type":"WebPage","@id":"https:\/\/www.labandeapapattes.fr\/index.php\/contact-2\/","url":"https:\/\/www.labandeapapattes.fr\/index.php\/contact-2\/","name":"Contact \u2013 \u00c9levage Border Collie La Bande \u00e0 Papattes","isPartOf":{"@id":"https:\/\/www.labandeapapattes.fr\/#website"},"datePublished":"2025-09-15T17:49:13+00:00","dateModified":"2026-01-28T21:59:32+00:00","description":"Contactez La Bande \u00e0 Papattes, \u00e9levage familial de Border Collies \u00e0 Chezal Benoit (Cher 18160), pour adopter un chiot ou poser vos questions.","breadcrumb":{"@id":"https:\/\/www.labandeapapattes.fr\/index.php\/contact-2\/#breadcrumb"},"inLanguage":"fr-FR","potentialAction":[{"@type":"ReadAction","target":["https:\/\/www.labandeapapattes.fr\/index.php\/contact-2\/"]}]},{"@type":"BreadcrumbList","@id":"https:\/\/www.labandeapapattes.fr\/index.php\/contact-2\/#breadcrumb","itemListElement":[{"@type":"ListItem","position":1,"name":"Accueil","item":"https:\/\/www.labandeapapattes.fr\/"},{"@type":"ListItem","position":2,"name":"Contact"}]},{"@type":"WebSite","@id":"https:\/\/www.labandeapapattes.fr\/#website","url":"https:\/\/www.labandeapapattes.fr\/","name":"La Bande A Papattes","description":"","publisher":{"@id":"https:\/\/www.labandeapapattes.fr\/#organization"},"potentialAction":[{"@type":"SearchAction","target":{"@type":"EntryPoint","urlTemplate":"https:\/\/www.labandeapapattes.fr\/?s={search_term_string}"},"query-input":{"@type":"PropertyValueSpecification","valueRequired":true,"valueName":"search_term_string"}}],"inLanguage":"fr-FR"},{"@type":"Organization","@id":"https:\/\/www.labandeapapattes.fr\/#organization","name":"La Bande A Papattes","url":"https:\/\/www.labandeapapattes.fr\/","logo":{"@type":"ImageObject","inLanguage":"fr-FR","@id":"https:\/\/www.labandeapapattes.fr\/#\/schema\/logo\/image\/","url":"https:\/\/www.labandeapapattes.fr\/wp-content\/uploads\/2025\/09\/cropped-android-chrome-512x512-2.png","contentUrl":"https:\/\/www.labandeapapattes.fr\/wp-content\/uploads\/2025\/09\/cropped-android-chrome-512x512-2.png","width":50,"height":50,"caption":"La Bande A Papattes"},"image":{"@id":"https:\/\/www.labandeapapattes.fr\/#\/schema\/logo\/image\/"},"sameAs":["https:\/\/www.facebook.com\/profile.php?id=61552778915373","https:\/\/www.tiktok.com\/@la.bande.a.papatt","https:\/\/www.instagram.com\/la_bande_a_papattes\/"]}]}},"_links":{"self":[{"href":"https:\/\/www.labandeapapattes.fr\/index.php\/wp-json\/wp\/v2\/pages\/136","targetHints":{"allow":["GET"]}}],"collection":[{"href":"https:\/\/www.labandeapapattes.fr\/index.php\/wp-json\/wp\/v2\/pages"}],"about":[{"href":"https:\/\/www.labandeapapattes.fr\/index.php\/wp-json\/wp\/v2\/types\/page"}],"author":[{"embeddable":true,"href":"https:\/\/www.labandeapapattes.fr\/index.php\/wp-json\/wp\/v2\/users\/1"}],"replies":[{"embeddable":true,"href":"https:\/\/www.labandeapapattes.fr\/index.php\/wp-json\/wp\/v2\/comments?post=136"}],"version-history":[{"count":2,"href":"https:\/\/www.labandeapapattes.fr\/index.php\/wp-json\/wp\/v2\/pages\/136\/revisions"}],"predecessor-version":[{"id":172,"href":"https:\/\/www.labandeapapattes.fr\/index.php\/wp-json\/wp\/v2\/pages\/136\/revisions\/172"}],"wp:attachment":[{"href":"https:\/\/www.labandeapapattes.fr\/index.php\/wp-json\/wp\/v2\/media?parent=136"}],"curies":[{"name":"wp","href":"https:\/\/api.w.org\/{rel}","templated":true}]}}

<div class="wp-block-columns is-layout-flex wp-container-core-columns-is-layout-9d6595d7 wp-block-columns-is-layout-flex">

  <!-- Colonne de gauche -->
  <div class="wp-block-column">
    <h2>📩 Contactez-nous</h2>
    <p>Une question, une visite ou simplement l’envie d’échanger ?<br>
    Nous sommes toujours ravis de partager notre passion pour les Border Collies 💙</p>

    <ul>
      <li>📧 <a href="mailto:labandeapapattes@outlook.fr">labandeapapattes@outlook.fr</a></li>
      <li>📞 Fixe : <a href="tel:0259164169">02 59 16 41 69</a></li>
      <li>📱 Portable : <a href="tel:0781803322">07 81 80 33 22</a></li>
      <li>📍 Adresse : 2 La Cure, Chezal-Benoît (18160), Cher</li>
    </ul>
  </div>

  <!-- Colonne de droite -->
  <div class="wp-block-column">
    <h2>🐾 Retrouvez-nous aussi</h2>
    <p>Suivez nos actualités et la vie de nos chiots :</p>

    <!-- Boutons réseaux sociaux -->
    <p>
      <a class="wp-block-button__link wp-element-button" href="https://www.facebook.com/profile.php?id=61552778915373" target="_blank">🌐 Facebook</a>
    </p>
    <p>
      <a class="wp-block-button__link wp-element-button" href="https://www.instagram.com/la_bande_a_papattes/" target="_blank">📸 Instagram</a>
    </p>
    <p>
      <a class="wp-block-button__link wp-element-button" href="https://www.tiktok.com/@la.bande.a.papatt" target="_blank">🎥 TikTok</a>
    </p>
    <p>
      <a class="wp-block-button__link wp-element-button" href="https://www.meetmynewpet.com/amadei-jeremy-andre/28a00962-bc30-43b4-9565-e77142a0cc58/home?fbclid=IwY2xjawM0nsxleHRuA2FlbQIxMABicmlkETBYT2VoMkM0R3Rwc1NSVHlwAR5EI25-hzA2WJZ4qzPSZRiDCcjLCH-q25LeyySImtion-RCSgOm7I1unyNHHw_aem_hdAg-bDXVRX-SgXEYljzLA" target="_blank">🐶 Meet My New Pet</a>
    </p>
  </div>

</div>


<!-- Bloc Google Maps -->
<div style="margin-top:30px;">
  <h2>📍 Nous trouver</h2>
  <iframe data-src="https://www.google.com/maps/embed?pb=!1m18!1m12!1m3!1d2722.721278191955!2d2.2685!3d46.7389!2m3!1f0!2f0!3f0!3m2!1i1024!2i768!4f13.1!3m3!1m2!1s0x47f9496f9b42a4e9%3A0x89abcd1234567890!2s2%20La%20Cure%2C%2018160%20Chezal-Beno%C3%AEt!5e0!3m2!1sfr!2sfr!4v1694801234567!5m2!1sfr!2sfr"
    width="100%" height="350" style="border:0; border-radius:12px;" allowfullscreen="" src="data:image/svg+xml;base64,PHN2ZyB3aWR0aD0iMSIgaGVpZ2h0PSIxIiB4bWxucz0iaHR0cDovL3d3dy53My5vcmcvMjAwMC9zdmciPjwvc3ZnPg==" class="lazyload" data-load-mode="1"></iframe>
</div>

<!-- This site is optimized with the Yoast SEO plugin v27.4 - https://yoast.com/product/yoast-seo-wordpress/ -->
<title>Contact – Élevage Border Collie La Bande à Papattes</title>
<meta name="description" content="Contactez La Bande à Papattes, élevage familial de Border Collies à Chezal Benoit (Cher 18160), pour adopter un chiot ou poser vos questions." />
<meta name="robots" content="index, follow, max-snippet:-1, max-image-preview:large, max-video-preview:-1" />
<link rel="canonical" href="https://www.labandeapapattes.fr/index.php/contact-2/" />
<meta property="og:locale" content="fr_FR" />
<meta property="og:type" content="article" />
<meta property="og:title" content="Contact – Élevage Border Collie La Bande à Papattes" />
<meta property="og:description" content="Contactez La Bande à Papattes, élevage familial de Border Collies à Chezal Benoit (Cher 18160), pour adopter un chiot ou poser vos questions." />
<meta property="og:url" content="https://www.labandeapapattes.fr/index.php/contact-2/" />
<meta property="og:site_name" content="La Bande A Papattes" />
<meta property="article:publisher" content="https://www.facebook.com/profile.php?id=61552778915373" />
<meta property="article:modified_time" content="2026-01-28T21:59:32+00:00" />
<meta name="twitter:card" content="summary_large_image" />
<meta name="twitter:label1" content="Durée de lecture estimée" />
	<meta name="twitter:data1" content="1 minute" />
<script type="application/ld+json" class="yoast-schema-graph">{"@context":"https:\/\/schema.org","@graph":[{"@type":"WebPage","@id":"https:\/\/www.labandeapapattes.fr\/index.php\/contact-2\/","url":"https:\/\/www.labandeapapattes.fr\/index.php\/contact-2\/","name":"Contact – Élevage Border Collie La Bande à Papattes","isPartOf":{"@id":"https:\/\/www.labandeapapattes.fr\/#website"},"datePublished":"2025-09-15T17:49:13+00:00","dateModified":"2026-01-28T21:59:32+00:00","description":"Contactez La Bande à Papattes, élevage familial de Border Collies à Chezal Benoit (Cher 18160), pour adopter un chiot ou poser vos questions.","breadcrumb":{"@id":"https:\/\/www.labandeapapattes.fr\/index.php\/contact-2\/#breadcrumb"},"inLanguage":"fr-FR","potentialAction":[{"@type":"ReadAction","target":["https:\/\/www.labandeapapattes.fr\/index.php\/contact-2\/"]}]},{"@type":"BreadcrumbList","@id":"https:\/\/www.labandeapapattes.fr\/index.php\/contact-2\/#breadcrumb","itemListElement":[{"@type":"ListItem","position":1,"name":"Accueil","item":"https:\/\/www.labandeapapattes.fr\/"},{"@type":"ListItem","position":2,"name":"Contact"}]},{"@type":"WebSite","@id":"https:\/\/www.labandeapapattes.fr\/#website","url":"https:\/\/www.labandeapapattes.fr\/","name":"La Bande A Papattes","description":"","publisher":{"@id":"https:\/\/www.labandeapapattes.fr\/#organization"},"potentialAction":[{"@type":"SearchAction","target":{"@type":"EntryPoint","urlTemplate":"https:\/\/www.labandeapapattes.fr\/?s={search_term_string}"},"query-input":{"@type":"PropertyValueSpecification","valueRequired":true,"valueName":"search_term_string"}}],"inLanguage":"fr-FR"},{"@type":"Organization","@id":"https:\/\/www.labandeapapattes.fr\/#organization","name":"La Bande A Papattes","url":"https:\/\/www.labandeapapattes.fr\/","logo":{"@type":"ImageObject","inLanguage":"fr-FR","@id":"https:\/\/www.labandeapapattes.fr\/#\/schema\/logo\/image\/","url":"https:\/\/www.labandeapapattes.fr\/wp-content\/uploads\/2025\/09\/cropped-android-chrome-512x512-2.png","contentUrl":"https:\/\/www.labandeapapattes.fr\/wp-content\/uploads\/2025\/09\/cropped-android-chrome-512x512-2.png","width":50,"height":50,"caption":"La Bande A Papattes"},"image":{"@id":"https:\/\/www.labandeapapattes.fr\/#\/schema\/logo\/image\/"},"sameAs":["https:\/\/www.facebook.com\/profile.php?id=61552778915373","https:\/\/www.tiktok.com\/@la.bande.a.papatt","https:\/\/www.instagram.com\/la_bande_a_papattes\/"]}]}</script>
<!-- / Yoast SEO plugin. -->

Contact – Élevage Border Collie La Bande à Papattes

Contactez La Bande à Papattes, élevage familial de Border Collies à Chezal Benoit (Cher 18160), pour adopter un chiot ou poser vos questions.
